{"id":100,"date":"2024-08-19T20:18:58","date_gmt":"2024-08-19T18:18:58","guid":{"rendered":"https:\/\/bikebrosbribol.com\/?page_id=100"},"modified":"2024-11-21T02:31:20","modified_gmt":"2024-11-21T01:31:20","slug":"plan-vital","status":"publish","type":"page","link":"https:\/\/innovasalud.bo\/planesinnova\/plan-vital\/","title":{"rendered":"Plan Vital &#8211; Bs. 250"},"content":{"rendered":"\t\t<div data-elementor-type=\"wp-page\" data-elementor-id=\"100\" class=\"elementor elementor-100\" data-elementor-post-type=\"page\">\n\t\t\t\t<div class=\"elementor-element elementor-element-07d17c4 e-flex e-con-boxed e-con e-parent\" data-id=\"07d17c4\" data-element_type=\"container\">\n\t\t\t\t\t<div class=\"e-con-inner\">\n\t\t\t\t<div class=\"elementor-element elementor-element-2b7175f elementor-widget elementor-widget-heading\" data-id=\"2b7175f\" data-element_type=\"widget\" data-widget_type=\"heading.default\">\n\t\t\t\t<div class=\"elementor-widget-container\">\n\t\t\t\t\t<h2 class=\"elementor-heading-title elementor-size-default\">Plan Vital - Bs. 250<\/h2>\t\t\t\t<\/div>\n\t\t\t\t<\/div>\n\t\t\t\t\t<\/div>\n\t\t\t\t<\/div>\n\t\t<div class=\"elementor-element elementor-element-4cfbeb4 e-flex e-con-boxed e-con e-parent\" data-id=\"4cfbeb4\" data-element_type=\"container\">\n\t\t\t\t\t<div class=\"e-con-inner\">\n\t\t<div class=\"elementor-element elementor-element-589bff8 e-con-full e-flex e-con e-child\" data-id=\"589bff8\" data-element_type=\"container\">\n\t\t\t\t<div class=\"elementor-element elementor-element-19a7e17 elementor-widget elementor-widget-image\" data-id=\"19a7e17\" data-element_type=\"widget\" data-widget_type=\"image.default\">\n\t\t\t\t<div class=\"elementor-widget-container\">\n\t\t\t\t\t\t\t\t\t\t\t\t\t\t\t<img fetchpriority=\"high\" decoding=\"async\" width=\"540\" height=\"360\" src=\"https:\/\/innovasalud.bo\/planesinnova\/wp-content\/uploads\/2024\/11\/Innovasalud-244.webp\" class=\"attachment-large size-large wp-image-589\" alt=\"\" srcset=\"https:\/\/innovasalud.bo\/planesinnova\/wp-content\/uploads\/2024\/11\/Innovasalud-244.webp 540w, https:\/\/innovasalud.bo\/planesinnova\/wp-content\/uploads\/2024\/11\/Innovasalud-244-300x200.webp 300w\" sizes=\"(max-width: 540px) 100vw, 540px\" \/>\t\t\t\t\t\t\t\t\t\t\t\t\t\t\t<\/div>\n\t\t\t\t<\/div>\n\t\t\t\t<\/div>\n\t\t<div class=\"elementor-element elementor-element-1feec61 e-con-full e-flex e-con e-child\" data-id=\"1feec61\" data-element_type=\"container\">\n\t\t\t\t<div class=\"elementor-element elementor-element-247ca99 elementor-widget elementor-widget-heading\" data-id=\"247ca99\" data-element_type=\"widget\" data-widget_type=\"heading.default\">\n\t\t\t\t<div class=\"elementor-widget-container\">\n\t\t\t\t\t<h2 class=\"elementor-heading-title elementor-size-default\">Este plan est\u00e1 dise\u00f1ado para brindarte una cobertura esencial de tus necesidades de salud. Con el Plan Vital, tendr\u00e1s acceso a atenciones m\u00e9dicas generales, especialidades m\u00e9dicas, odontolog\u00eda y medicamentos, para que cuentes con lo necesario para cuidar tu salud d\u00eda a d\u00eda. <br>Es el plan ideal para empezar a protegerte.<\/h2>\t\t\t\t<\/div>\n\t\t\t\t<\/div>\n\t\t\t\t<\/div>\n\t\t\t\t\t<\/div>\n\t\t\t\t<\/div>\n\t\t<div class=\"elementor-element elementor-element-ed38279 e-flex e-con-boxed e-con e-parent\" data-id=\"ed38279\" data-element_type=\"container\">\n\t\t\t\t\t<div class=\"e-con-inner\">\n\t\t\t\t<div class=\"elementor-element elementor-element-3bf967c elementor-align-justify elementor-widget__width-initial elementor-widget elementor-widget-button\" data-id=\"3bf967c\" data-element_type=\"widget\" data-widget_type=\"button.default\">\n\t\t\t\t<div class=\"elementor-widget-container\">\n\t\t\t\t\t\t\t\t\t<div class=\"elementor-button-wrapper\">\n\t\t\t\t\t<a class=\"elementor-button elementor-button-link elementor-size-sm\" href=\"https:\/\/shop.innovasalud.bo\/patient\/checkout\/planes?plan=PPCE0103\">\n\t\t\t\t\t\t<span class=\"elementor-button-content-wrapper\">\n\t\t\t\t\t\t\t\t\t<span class=\"elementor-button-text\">COMPRAR<\/span>\n\t\t\t\t\t<\/span>\n\t\t\t\t\t<\/a>\n\t\t\t\t<\/div>\n\t\t\t\t\t\t\t\t<\/div>\n\t\t\t\t<\/div>\n\t\t\t\t\t<\/div>\n\t\t\t\t<\/div>\n\t\t<div class=\"elementor-element elementor-element-e947933 e-flex e-con-boxed e-con e-parent\" data-id=\"e947933\" data-element_type=\"container\">\n\t\t\t\t\t<div class=\"e-con-inner\">\n\t\t\t\t<div class=\"elementor-element elementor-element-bf92afb elementor-widget elementor-widget-text-editor\" data-id=\"bf92afb\" data-element_type=\"widget\" data-widget_type=\"text-editor.default\">\n\t\t\t\t<div class=\"elementor-widget-container\">\n\t\t\t\t\t\t\t\t\t<ul style=\"list-style-type: none; padding-left: 0; margin: 0; color: #4f4f4f; background-color: #e6f7ff; padding: 10px; border-radius: 8px; font-family: 'Montserrat', sans-serif; font-size: 1.2rem;\">\n<li style=\"padding-left: 0; margin-bottom: 5px;\"><strong>Cobertura Individual&nbsp;<\/strong><\/li>\n<li style=\"padding-left: 0; margin-bottom: 5px;\"><span style=\"color: #333; font-weight: normal;\">(1 Titular mayor de 18 a\u00f1os)<\/span><\/li>\n<li style=\"padding-left: 0; margin-bottom: 5px;\"><strong>1 Consulta Odontol\u00f3gica<\/strong>&nbsp;<\/li>\n<li style=\"padding-left: 0; margin-bottom: 5px;\"><small style=\"color: #333;\">(Curaci\u00f3n, limpieza y extracci\u00f3n)<\/small><\/li>\n<li style=\"padding-left: 0; margin-bottom: 5px;\"><strong>10 Consultas M\u00e9dicas Generales<\/strong><\/li>\n<li style=\"padding-left: 0; margin-bottom: 5px;\"><strong>3 Consultas de Especialidad<\/strong>&nbsp;<\/li>\n<li style=\"padding-left: 0; margin-bottom: 5px;\"><small style=\"color: #333;\">(Reconsulta\/Coberturas complementarias)<\/small><\/li>\n<li style=\"padding-left: 0;\"><strong>200 Bs. en Medicamentos seg\u00fan Receta y Vadem\u00e9cum<\/strong>&nbsp;<\/li><li style=\"padding-left: 0;\"><small style=\"color: #333;\">(A solicitud del m\u00e9dico)<\/small><\/li>\n<\/ul>\t\t\t\t\t\t\t\t<\/div>\n\t\t\t\t<\/div>\n\t\t\t\t\t<\/div>\n\t\t\t\t<\/div>\n\t\t<div class=\"elementor-element elementor-element-ba30011 e-flex e-con-boxed e-con e-parent\" data-id=\"ba30011\" data-element_type=\"container\">\n\t\t\t\t\t<div class=\"e-con-inner\">\n\t\t\t\t<div class=\"elementor-element elementor-element-f9ffaab elementor-widget elementor-widget-text-editor\" data-id=\"f9ffaab\" data-element_type=\"widget\" data-widget_type=\"text-editor.default\">\n\t\t\t\t<div class=\"elementor-widget-container\">\n\t\t\t\t\t\t\t\t\t<ul style=\"list-style-type: none; padding-left: 0; margin: 0; color: #4f4f4f; background-color: #ffe8d5; padding: 10px; border-radius: 8px; font-family: 'Montserrat', sans-serif; font-size: 1.2rem;\"><li style=\"padding-left: 0; margin-bottom: 5px;\"><strong>Vigencia:<\/strong> 365 d\u00edas desde la compra o hasta agotar los servicios incluidos en el plan<\/li><li style=\"padding-left: 0; margin-bottom: 5px;\"><strong>Sin l\u00edmite de edad, exclusiones, periodos de carencia, franquicias o copagos<\/strong><\/li><li style=\"padding-left: 0; margin-bottom: 5px;\">Para utilizar los servicios, \u00fanicamente debes dirigirte a un consultorio de la red de <strong>InnovaSalud<\/strong> y solicitar el servicio que desees.<\/li><li style=\"padding-left: 0; margin-bottom: 5px;\">Tambi\u00e9n puedes agendar tu cita previamente mediante nuestra plataforma de atenci\u00f3n:<br \/><a style=\"color: #d17d00; text-decoration: underline;\" href=\"https:\/\/shop.innovasalud.bo\/login\">https:\/\/shop.innovasalud.bo\/login<\/a><\/li><li style=\"padding-left: 0;\">Si tienes dudas o consultas, puedes comunicarte a nuestra l\u00ednea de WhatsApp:<br \/><a style=\"color: #d17d00; text-decoration: underline;\" href=\"https:\/\/wa.link\/8vj9bx\">click aqu\u00ed<\/a><\/li><\/ul>\t\t\t\t\t\t\t\t<\/div>\n\t\t\t\t<\/div>\n\t\t\t\t\t<\/div>\n\t\t\t\t<\/div>\n\t\t<div class=\"elementor-element elementor-element-7e0f9a78 e-flex e-con-boxed e-con e-parent\" data-id=\"7e0f9a78\" data-element_type=\"container\">\n\t\t\t\t\t<div class=\"e-con-inner\">\n\t\t<div class=\"elementor-element elementor-element-23699a00 e-con-full e-flex e-con e-child\" data-id=\"23699a00\" data-element_type=\"container\">\n\t\t\t\t<div class=\"elementor-element elementor-element-42ba4a6a elementor-widget elementor-widget-button\" data-id=\"42ba4a6a\" data-element_type=\"widget\" data-widget_type=\"button.default\">\n\t\t\t\t<div class=\"elementor-widget-container\">\n\t\t\t\t\t\t\t\t\t<div class=\"elementor-button-wrapper\">\n\t\t\t\t\t<a class=\"elementor-button elementor-button-link elementor-size-sm\" href=\"https:\/\/innovasalud.bo\/planesinnova\">\n\t\t\t\t\t\t<span class=\"elementor-button-content-wrapper\">\n\t\t\t\t\t\t<span class=\"elementor-button-icon\">\n\t\t\t\t<svg aria-hidden=\"true\" class=\"e-font-icon-svg e-fas-arrow-circle-left\" viewBox=\"0 0 512 512\" xmlns=\"http:\/\/www.w3.org\/2000\/svg\"><path d=\"M256 504C119 504 8 393 8 256S119 8 256 8s248 111 248 248-111 248-248 248zm28.9-143.6L209.4 288H392c13.3 0 24-10.7 24-24v-16c0-13.3-10.7-24-24-24H209.4l75.5-72.4c9.7-9.3 9.9-24.8.4-34.3l-11-10.9c-9.4-9.4-24.6-9.4-33.9 0L107.7 239c-9.4 9.4-9.4 24.6 0 33.9l132.7 132.7c9.4 9.4 24.6 9.4 33.9 0l11-10.9c9.5-9.5 9.3-25-.4-34.3z\"><\/path><\/svg>\t\t\t<\/span>\n\t\t\t\t\t\t\t\t\t<span class=\"elementor-button-text\">REGRESAR<\/span>\n\t\t\t\t\t<\/span>\n\t\t\t\t\t<\/a>\n\t\t\t\t<\/div>\n\t\t\t\t\t\t\t\t<\/div>\n\t\t\t\t<\/div>\n\t\t\t\t<\/div>\n\t\t<div class=\"elementor-element elementor-element-760fbe56 e-con-full e-flex e-con e-child\" data-id=\"760fbe56\" data-element_type=\"container\">\n\t\t\t\t<div class=\"elementor-element elementor-element-23ae358c elementor-widget elementor-widget-button\" data-id=\"23ae358c\" data-element_type=\"widget\" data-widget_type=\"button.default\">\n\t\t\t\t<div class=\"elementor-widget-container\">\n\t\t\t\t\t\t\t\t\t<div class=\"elementor-button-wrapper\">\n\t\t\t\t\t<a class=\"elementor-button elementor-button-link elementor-size-sm\" href=\"https:\/\/innovasalud.bo\/planesinnova\/comparador-innova-salud\/\">\n\t\t\t\t\t\t<span class=\"elementor-button-content-wrapper\">\n\t\t\t\t\t\t<span class=\"elementor-button-icon\">\n\t\t\t\t<svg aria-hidden=\"true\" class=\"e-font-icon-svg e-fas-prescription-bottle\" viewBox=\"0 0 384 512\" xmlns=\"http:\/\/www.w3.org\/2000\/svg\"><path d=\"M32 192h120c4.4 0 8 3.6 8 8v16c0 4.4-3.6 8-8 8H32v64h120c4.4 0 8 3.6 8 8v16c0 4.4-3.6 8-8 8H32v64h120c4.4 0 8 3.6 8 8v16c0 4.4-3.6 8-8 8H32v64c0 17.6 14.4 32 32 32h256c17.6 0 32-14.4 32-32V128H32v64zM360 0H24C10.8 0 0 10.8 0 24v48c0 13.2 10.8 24 24 24h336c13.2 0 24-10.8 24-24V24c0-13.2-10.8-24-24-24z\"><\/path><\/svg>\t\t\t<\/span>\n\t\t\t\t\t\t\t\t\t<span class=\"elementor-button-text\">COMPARAR SERVICIOS<\/span>\n\t\t\t\t\t<\/span>\n\t\t\t\t\t<\/a>\n\t\t\t\t<\/div>\n\t\t\t\t\t\t\t\t<\/div>\n\t\t\t\t<\/div>\n\t\t\t\t<\/div>\n\t\t<div class=\"elementor-element elementor-element-5861ba04 e-con-full e-flex e-con e-child\" data-id=\"5861ba04\" data-element_type=\"container\">\n\t\t\t\t<\/div>\n\t\t<div class=\"elementor-element elementor-element-15294d23 e-con-full e-flex e-con e-child\" data-id=\"15294d23\" data-element_type=\"container\">\n\t\t\t\t<\/div>\n\t\t\t\t\t<\/div>\n\t\t\t\t<\/div>\n\t\t\t\t<\/div>\n\t\t","protected":false},"excerpt":{"rendered":"<p>Plan Vital &#8211; Bs. 250 Este plan est\u00e1 dise\u00f1ado para brindarte una cobertura esencial de tus necesidades de salud. Con [&hellip;]<\/p>\n","protected":false},"author":1,"featured_media":588,"parent":0,"menu_order":0,"comment_status":"closed","ping_status":"closed","template":"","meta":{"site-sidebar-layout":"no-sidebar","site-content-layout":"","ast-site-content-layout":"full-width-container","site-content-style":"default","site-sidebar-style":"default","ast-global-header-display":"","ast-banner-title-visibility":"","ast-main-header-display":"","ast-hfb-above-header-display":"","ast-hfb-below-header-display":"","ast-hfb-mobile-header-display":"","site-post-title":"disabled","ast-breadcrumbs-content":"","ast-featured-img":"disabled","footer-sml-layout":"","theme-transparent-header-meta":"default","adv-header-id-meta":"","stick-header-meta":"","header-above-stick-meta":"","header-main-stick-meta":"","header-below-stick-meta":"","astra-migrate-meta-layouts":"set","ast-page-background-enabled":"default","ast-page-background-meta":{"desktop":{"background-color":"var(--ast-global-color-4)","background-image":"","background-repeat":"repeat","background-position":"center center","background-size":"auto","background-attachment":"scroll","background-type":"","background-media":"","overlay-type":"","overlay-color":"","overlay-opacity":"","overlay-gradient":""},"tablet":{"background-color":"","background-image":"","background-repeat":"repeat","background-position":"center center","background-size":"auto","background-attachment":"scroll","background-type":"","background-media":"","overlay-type":"","overlay-color":"","overlay-opacity":"","overlay-gradient":""},"mobile":{"background-color":"","background-image":"","background-repeat":"repeat","background-position":"center center","background-size":"auto","background-attachment":"scroll","background-type":"","background-media":"","overlay-type":"","overlay-color":"","overlay-opacity":"","overlay-gradient":""}},"ast-content-background-meta":{"desktop":{"background-color":"var(--ast-global-color-5)","background-image":"","background-repeat":"repeat","background-position":"center center","background-size":"auto","background-attachment":"scroll","background-type":"","background-media":"","overlay-type":"","overlay-color":"","overlay-opacity":"","overlay-gradient":""},"tablet":{"background-color":"var(--ast-global-color-5)","background-image":"","background-repeat":"repeat","background-position":"center center","background-size":"auto","background-attachment":"scroll","background-type":"","background-media":"","overlay-type":"","overlay-color":"","overlay-opacity":"","overlay-gradient":""},"mobile":{"background-color":"var(--ast-global-color-5)","background-image":"","background-repeat":"repeat","background-position":"center center","background-size":"auto","background-attachment":"scroll","background-type":"","background-media":"","overlay-type":"","overlay-color":"","overlay-opacity":"","overlay-gradient":""}},"footnotes":""},"class_list":["post-100","page","type-page","status-publish","has-post-thumbnail","hentry"],"_links":{"self":[{"href":"https:\/\/innovasalud.bo\/planesinnova\/wp-json\/wp\/v2\/pages\/100","targetHints":{"allow":["GET"]}}],"collection":[{"href":"https:\/\/innovasalud.bo\/planesinnova\/wp-json\/wp\/v2\/pages"}],"about":[{"href":"https:\/\/innovasalud.bo\/planesinnova\/wp-json\/wp\/v2\/types\/page"}],"author":[{"embeddable":true,"href":"https:\/\/innovasalud.bo\/planesinnova\/wp-json\/wp\/v2\/users\/1"}],"replies":[{"embeddable":true,"href":"https:\/\/innovasalud.bo\/planesinnova\/wp-json\/wp\/v2\/comments?post=100"}],"version-history":[{"count":71,"href":"https:\/\/innovasalud.bo\/planesinnova\/wp-json\/wp\/v2\/pages\/100\/revisions"}],"predecessor-version":[{"id":753,"href":"https:\/\/innovasalud.bo\/planesinnova\/wp-json\/wp\/v2\/pages\/100\/revisions\/753"}],"wp:featuredmedia":[{"embeddable":true,"href":"https:\/\/innovasalud.bo\/planesinnova\/wp-json\/wp\/v2\/media\/588"}],"wp:attachment":[{"href":"https:\/\/innovasalud.bo\/planesinnova\/wp-json\/wp\/v2\/media?parent=100"}],"curies":[{"name":"wp","href":"https:\/\/api.w.org\/{rel}","templated":true}]}}