{"id":110,"date":"2024-08-19T20:20:24","date_gmt":"2024-08-19T18:20:24","guid":{"rendered":"https:\/\/bikebrosbribol.com\/?page_id=110"},"modified":"2024-11-21T02:30:29","modified_gmt":"2024-11-21T01:30:29","slug":"plan-protege","status":"publish","type":"page","link":"https:\/\/innovasalud.bo\/planesinnova\/plan-protege\/","title":{"rendered":"Plan Protege &#8211; Bs. 500"},"content":{"rendered":"\t\t<div data-elementor-type=\"wp-page\" data-elementor-id=\"110\" class=\"elementor elementor-110\" data-elementor-post-type=\"page\">\n\t\t\t\t<div class=\"elementor-element elementor-element-07d17c4 e-flex e-con-boxed e-con e-parent\" data-id=\"07d17c4\" data-element_type=\"container\">\n\t\t\t\t\t<div class=\"e-con-inner\">\n\t\t\t\t<div class=\"elementor-element elementor-element-2b7175f elementor-widget elementor-widget-heading\" data-id=\"2b7175f\" data-element_type=\"widget\" data-widget_type=\"heading.default\">\n\t\t\t\t<div class=\"elementor-widget-container\">\n\t\t\t\t\t<h2 class=\"elementor-heading-title elementor-size-default\">Plan Protege - Bs. 500<\/h2>\t\t\t\t<\/div>\n\t\t\t\t<\/div>\n\t\t\t\t\t<\/div>\n\t\t\t\t<\/div>\n\t\t<div class=\"elementor-element elementor-element-4cfbeb4 e-flex e-con-boxed e-con e-parent\" data-id=\"4cfbeb4\" data-element_type=\"container\">\n\t\t\t\t\t<div class=\"e-con-inner\">\n\t\t<div class=\"elementor-element elementor-element-589bff8 e-con-full e-flex e-con e-child\" data-id=\"589bff8\" data-element_type=\"container\">\n\t\t\t\t<div class=\"elementor-element elementor-element-19a7e17 elementor-widget elementor-widget-image\" data-id=\"19a7e17\" data-element_type=\"widget\" data-widget_type=\"image.default\">\n\t\t\t\t<div class=\"elementor-widget-container\">\n\t\t\t\t\t\t\t\t\t\t\t\t\t\t\t<img fetchpriority=\"high\" decoding=\"async\" width=\"540\" height=\"360\" src=\"https:\/\/innovasalud.bo\/planesinnova\/wp-content\/uploads\/2024\/11\/Innovasalud-229.webp\" class=\"attachment-large size-large wp-image-579\" alt=\"\" srcset=\"https:\/\/innovasalud.bo\/planesinnova\/wp-content\/uploads\/2024\/11\/Innovasalud-229.webp 540w, https:\/\/innovasalud.bo\/planesinnova\/wp-content\/uploads\/2024\/11\/Innovasalud-229-300x200.webp 300w\" sizes=\"(max-width: 540px) 100vw, 540px\" \/>\t\t\t\t\t\t\t\t\t\t\t\t\t\t\t<\/div>\n\t\t\t\t<\/div>\n\t\t\t\t<\/div>\n\t\t<div class=\"elementor-element elementor-element-1feec61 e-con-full e-flex e-con e-child\" data-id=\"1feec61\" data-element_type=\"container\">\n\t\t\t\t<div class=\"elementor-element elementor-element-247ca99 elementor-widget elementor-widget-heading\" data-id=\"247ca99\" data-element_type=\"widget\" data-widget_type=\"heading.default\">\n\t\t\t\t<div class=\"elementor-widget-container\">\n\t\t\t\t\t<h2 class=\"elementor-heading-title elementor-size-default\">Pensado especialmente para quienes desean proteger a su familia de manera completa, el Plan Protege brinda una cobertura s\u00f3lida para enfrentar enfermedades comunes y, adem\u00e1s, te ayuda a prevenir enfermedades graves que puedan presentarse. Este plan te da la seguridad de que cada miembro de tu hogar cuenta con el respaldo necesario para mantenerse sano y protegido.<\/h2>\t\t\t\t<\/div>\n\t\t\t\t<\/div>\n\t\t\t\t<\/div>\n\t\t\t\t\t<\/div>\n\t\t\t\t<\/div>\n\t\t<div class=\"elementor-element elementor-element-2a278ba e-flex e-con-boxed e-con e-parent\" data-id=\"2a278ba\" data-element_type=\"container\">\n\t\t\t\t\t<div class=\"e-con-inner\">\n\t\t\t\t<div class=\"elementor-element elementor-element-a1ba9e2 elementor-align-justify elementor-widget__width-initial elementor-widget elementor-widget-button\" data-id=\"a1ba9e2\" data-element_type=\"widget\" data-widget_type=\"button.default\">\n\t\t\t\t<div class=\"elementor-widget-container\">\n\t\t\t\t\t\t\t\t\t<div class=\"elementor-button-wrapper\">\n\t\t\t\t\t<a class=\"elementor-button elementor-button-link elementor-size-sm\" href=\"https:\/\/shop.innovasalud.bo\/patient\/checkout\/planes?plan=PPCE0105\">\n\t\t\t\t\t\t<span class=\"elementor-button-content-wrapper\">\n\t\t\t\t\t\t\t\t\t<span class=\"elementor-button-text\">COMPRAR<\/span>\n\t\t\t\t\t<\/span>\n\t\t\t\t\t<\/a>\n\t\t\t\t<\/div>\n\t\t\t\t\t\t\t\t<\/div>\n\t\t\t\t<\/div>\n\t\t\t\t\t<\/div>\n\t\t\t\t<\/div>\n\t\t<div class=\"elementor-element elementor-element-934f49a e-flex e-con-boxed e-con e-parent\" data-id=\"934f49a\" data-element_type=\"container\">\n\t\t\t\t\t<div class=\"e-con-inner\">\n\t\t\t\t<div class=\"elementor-element elementor-element-e6668f3 elementor-widget elementor-widget-text-editor\" data-id=\"e6668f3\" data-element_type=\"widget\" data-widget_type=\"text-editor.default\">\n\t\t\t\t<div class=\"elementor-widget-container\">\n\t\t\t\t\t\t\t\t\t<ul style=\"list-style-type: none; padding-left: 0; margin: 0; color: #4f4f4f; background-color: #e6f7ff; padding: 10px; border-radius: 8px; font-family: 'Montserrat', sans-serif; font-size: 1.2rem;\"><li style=\"padding-left: 0; margin-bottom: 5px;\"><strong>Cobertura Familiar\u00a0<\/strong><\/li><li style=\"padding-left: 0; margin-bottom: 5px;\"><span style=\"color: #333; font-weight: normal;\">(1 Titular mayor de 18 a\u00f1os + 1 mayor de 18 a\u00f1os + 4 menores)<\/span><\/li><li style=\"padding-left: 0; margin-bottom: 5px;\"><strong>2 Consultas de Valoraci\u00f3n B\u00e1sica<\/strong>\u00a0<\/li><li style=\"padding-left: 0; margin-bottom: 5px;\"><small style=\"color: #333;\">(Chequeo m\u00e9dico que mide peso, talla, az\u00facar en la sangre, ox\u00edgeno, pulso y ritmo card\u00edaco para evaluar tu salud general)<\/small><\/li><li style=\"padding-left: 0; margin-bottom: 5px;\"><strong>2 Consultas del Programa de C\u00e1ncer<\/strong>\u00a0<\/li><li style=\"padding-left: 0; margin-bottom: 5px;\"><small style=\"color: #333;\">(Evaluaci\u00f3n, diagn\u00f3stico, biopsia y\/o tratamiento para Mama, C\u00e9rvico Uterino y\/o Pr\u00f3stata)<\/small><\/li><li style=\"padding-left: 0; margin-bottom: 5px;\"><strong>15 Consultas M\u00e9dicas Generales<\/strong><\/li><li style=\"padding-left: 0; margin-bottom: 5px;\"><strong>2 Atenciones Oftalmol\u00f3gicas<\/strong>\u00a0<\/li><li style=\"padding-left: 0; margin-bottom: 5px;\"><small style=\"color: #333;\">(Medici\u00f3n de lentes \u2013 Optometrista)<\/small><\/li><li style=\"padding-left: 0; margin-bottom: 5px;\"><strong>2 Atenciones Odontol\u00f3gicas<\/strong>\u00a0<\/li><li style=\"padding-left: 0; margin-bottom: 5px;\"><small style=\"color: #333;\">(Curaci\u00f3n, limpieza y extracci\u00f3n)<\/small><\/li><li style=\"padding-left: 0; margin-bottom: 5px;\"><strong>8 Consultas de Especialidad<\/strong>\u00a0<\/li><li style=\"padding-left: 0; margin-bottom: 5px;\"><small style=\"color: #333;\">(Reconsulta\/Coberturas complementarias)<\/small><\/li><li style=\"padding-left: 0;\"><strong>500 Bs. en Medicamentos seg\u00fan Receta y Vadem\u00e9cum<\/strong>\u00a0<\/li><li style=\"padding-left: 0;\"><small style=\"color: #333;\">(A solicitud del m\u00e9dico)<\/small><\/li><\/ul>\t\t\t\t\t\t\t\t<\/div>\n\t\t\t\t<\/div>\n\t\t\t\t\t<\/div>\n\t\t\t\t<\/div>\n\t\t<div class=\"elementor-element elementor-element-8edf71f e-flex e-con-boxed e-con e-parent\" data-id=\"8edf71f\" data-element_type=\"container\">\n\t\t\t\t\t<div class=\"e-con-inner\">\n\t\t\t\t<div class=\"elementor-element elementor-element-d3a5b2f elementor-widget elementor-widget-text-editor\" data-id=\"d3a5b2f\" data-element_type=\"widget\" data-widget_type=\"text-editor.default\">\n\t\t\t\t<div class=\"elementor-widget-container\">\n\t\t\t\t\t\t\t\t\t<ul style=\"list-style-type: none; padding-left: 0; margin: 0; color: #4f4f4f; background-color: #ffe8d5; padding: 10px; border-radius: 8px; font-family: 'Montserrat', sans-serif; font-size: 1.2rem;\"><li style=\"padding-left: 0; margin-bottom: 5px;\"><strong>Vigencia:<\/strong> 365 d\u00edas desde la compra o hasta agotar los servicios incluidos en el plan<\/li><li style=\"padding-left: 0; margin-bottom: 5px;\"><strong>Sin l\u00edmite de edad, exclusiones, periodos de carencia, franquicias o copagos<\/strong><\/li><li style=\"padding-left: 0; margin-bottom: 5px;\">Para utilizar los servicios, \u00fanicamente debes dirigirte a un consultorio de la red de <strong>InnovaSalud<\/strong> y solicitar el servicio que desees.<\/li><li style=\"padding-left: 0; margin-bottom: 5px;\">Tambi\u00e9n puedes agendar tu cita previamente mediante nuestra plataforma de atenci\u00f3n:<br \/><a style=\"color: #d17d00; text-decoration: underline;\" href=\"https:\/\/shop.innovasalud.bo\/login\">https:\/\/shop.innovasalud.bo\/login<\/a><\/li><li style=\"padding-left: 0;\">Si tienes dudas o consultas, puedes comunicarte a nuestra l\u00ednea de WhatsApp:<br \/><a style=\"color: #d17d00; text-decoration: underline;\" href=\"https:\/\/wa.link\/8vj9bx\">click aqu\u00ed<\/a><\/li><\/ul>\t\t\t\t\t\t\t\t<\/div>\n\t\t\t\t<\/div>\n\t\t\t\t\t<\/div>\n\t\t\t\t<\/div>\n\t\t<div class=\"elementor-element elementor-element-5e5b5fa7 e-flex e-con-boxed e-con e-parent\" data-id=\"5e5b5fa7\" data-element_type=\"container\">\n\t\t\t\t\t<div class=\"e-con-inner\">\n\t\t<div class=\"elementor-element elementor-element-2fe8583f e-con-full e-flex e-con e-child\" data-id=\"2fe8583f\" data-element_type=\"container\">\n\t\t\t\t<div class=\"elementor-element elementor-element-7378b604 elementor-widget elementor-widget-button\" data-id=\"7378b604\" data-element_type=\"widget\" data-widget_type=\"button.default\">\n\t\t\t\t<div class=\"elementor-widget-container\">\n\t\t\t\t\t\t\t\t\t<div class=\"elementor-button-wrapper\">\n\t\t\t\t\t<a class=\"elementor-button elementor-button-link elementor-size-sm\" href=\"https:\/\/innovasalud.bo\/planesinnova\">\n\t\t\t\t\t\t<span class=\"elementor-button-content-wrapper\">\n\t\t\t\t\t\t<span class=\"elementor-button-icon\">\n\t\t\t\t<svg aria-hidden=\"true\" class=\"e-font-icon-svg e-fas-arrow-circle-left\" viewBox=\"0 0 512 512\" xmlns=\"http:\/\/www.w3.org\/2000\/svg\"><path d=\"M256 504C119 504 8 393 8 256S119 8 256 8s248 111 248 248-111 248-248 248zm28.9-143.6L209.4 288H392c13.3 0 24-10.7 24-24v-16c0-13.3-10.7-24-24-24H209.4l75.5-72.4c9.7-9.3 9.9-24.8.4-34.3l-11-10.9c-9.4-9.4-24.6-9.4-33.9 0L107.7 239c-9.4 9.4-9.4 24.6 0 33.9l132.7 132.7c9.4 9.4 24.6 9.4 33.9 0l11-10.9c9.5-9.5 9.3-25-.4-34.3z\"><\/path><\/svg>\t\t\t<\/span>\n\t\t\t\t\t\t\t\t\t<span class=\"elementor-button-text\">REGRESAR<\/span>\n\t\t\t\t\t<\/span>\n\t\t\t\t\t<\/a>\n\t\t\t\t<\/div>\n\t\t\t\t\t\t\t\t<\/div>\n\t\t\t\t<\/div>\n\t\t\t\t<\/div>\n\t\t<div class=\"elementor-element elementor-element-124b23a e-con-full e-flex e-con e-child\" data-id=\"124b23a\" data-element_type=\"container\">\n\t\t\t\t<div class=\"elementor-element elementor-element-277bbd8f elementor-widget elementor-widget-button\" data-id=\"277bbd8f\" data-element_type=\"widget\" data-widget_type=\"button.default\">\n\t\t\t\t<div class=\"elementor-widget-container\">\n\t\t\t\t\t\t\t\t\t<div class=\"elementor-button-wrapper\">\n\t\t\t\t\t<a class=\"elementor-button elementor-button-link elementor-size-sm\" href=\"https:\/\/innovasalud.bo\/planesinnova\/comparador-innova-salud\/\">\n\t\t\t\t\t\t<span class=\"elementor-button-content-wrapper\">\n\t\t\t\t\t\t<span class=\"elementor-button-icon\">\n\t\t\t\t<svg aria-hidden=\"true\" class=\"e-font-icon-svg e-fas-prescription-bottle\" viewBox=\"0 0 384 512\" xmlns=\"http:\/\/www.w3.org\/2000\/svg\"><path d=\"M32 192h120c4.4 0 8 3.6 8 8v16c0 4.4-3.6 8-8 8H32v64h120c4.4 0 8 3.6 8 8v16c0 4.4-3.6 8-8 8H32v64h120c4.4 0 8 3.6 8 8v16c0 4.4-3.6 8-8 8H32v64c0 17.6 14.4 32 32 32h256c17.6 0 32-14.4 32-32V128H32v64zM360 0H24C10.8 0 0 10.8 0 24v48c0 13.2 10.8 24 24 24h336c13.2 0 24-10.8 24-24V24c0-13.2-10.8-24-24-24z\"><\/path><\/svg>\t\t\t<\/span>\n\t\t\t\t\t\t\t\t\t<span class=\"elementor-button-text\">COMPARAR SERVICIOS<\/span>\n\t\t\t\t\t<\/span>\n\t\t\t\t\t<\/a>\n\t\t\t\t<\/div>\n\t\t\t\t\t\t\t\t<\/div>\n\t\t\t\t<\/div>\n\t\t\t\t<\/div>\n\t\t<div class=\"elementor-element elementor-element-15b8c8eb e-con-full e-flex e-con e-child\" data-id=\"15b8c8eb\" data-element_type=\"container\">\n\t\t\t\t<\/div>\n\t\t<div class=\"elementor-element elementor-element-7b0158ae e-con-full e-flex e-con e-child\" data-id=\"7b0158ae\" data-element_type=\"container\">\n\t\t\t\t<\/div>\n\t\t\t\t\t<\/div>\n\t\t\t\t<\/div>\n\t\t<div class=\"elementor-element elementor-element-5392da6 e-flex e-con-boxed e-con e-parent\" data-id=\"5392da6\" data-element_type=\"container\">\n\t\t\t\t\t<div class=\"e-con-inner\">\n\t\t\t\t\t<\/div>\n\t\t\t\t<\/div>\n\t\t\t\t<\/div>\n\t\t","protected":false},"excerpt":{"rendered":"<p>Plan Protege &#8211; Bs. 500 Pensado especialmente para quienes desean proteger a su familia de manera completa, el Plan Protege [&hellip;]<\/p>\n","protected":false},"author":1,"featured_media":579,"parent":0,"menu_order":0,"comment_status":"closed","ping_status":"closed","template":"","meta":{"site-sidebar-layout":"no-sidebar","site-content-layout":"","ast-site-content-layout":"full-width-container","site-content-style":"default","site-sidebar-style":"default","ast-global-header-display":"","ast-banner-title-visibility":"","ast-main-header-display":"","ast-hfb-above-header-display":"","ast-hfb-below-header-display":"","ast-hfb-mobile-header-display":"","site-post-title":"disabled","ast-breadcrumbs-content":"","ast-featured-img":"disabled","footer-sml-layout":"","theme-transparent-header-meta":"default","adv-header-id-meta":"","stick-header-meta":"","header-above-stick-meta":"","header-main-stick-meta":"","header-below-stick-meta":"","astra-migrate-meta-layouts":"set","ast-page-background-enabled":"default","ast-page-background-meta":{"desktop":{"background-color":"var(--ast-global-color-4)","background-image":"","background-repeat":"repeat","background-position":"center center","background-size":"auto","background-attachment":"scroll","background-type":"","background-media":"","overlay-type":"","overlay-color":"","overlay-opacity":"","overlay-gradient":""},"tablet":{"background-color":"","background-image":"","background-repeat":"repeat","background-position":"center center","background-size":"auto","background-attachment":"scroll","background-type":"","background-media":"","overlay-type":"","overlay-color":"","overlay-opacity":"","overlay-gradient":""},"mobile":{"background-color":"","background-image":"","background-repeat":"repeat","background-position":"center center","background-size":"auto","background-attachment":"scroll","background-type":"","background-media":"","overlay-type":"","overlay-color":"","overlay-opacity":"","overlay-gradient":""}},"ast-content-background-meta":{"desktop":{"background-color":"var(--ast-global-color-5)","background-image":"","background-repeat":"repeat","background-position":"center center","background-size":"auto","background-attachment":"scroll","background-type":"","background-media":"","overlay-type":"","overlay-color":"","overlay-opacity":"","overlay-gradient":""},"tablet":{"background-color":"var(--ast-global-color-5)","background-image":"","background-repeat":"repeat","background-position":"center center","background-size":"auto","background-attachment":"scroll","background-type":"","background-media":"","overlay-type":"","overlay-color":"","overlay-opacity":"","overlay-gradient":""},"mobile":{"background-color":"var(--ast-global-color-5)","background-image":"","background-repeat":"repeat","background-position":"center center","background-size":"auto","background-attachment":"scroll","background-type":"","background-media":"","overlay-type":"","overlay-color":"","overlay-opacity":"","overlay-gradient":""}},"footnotes":""},"class_list":["post-110","page","type-page","status-publish","has-post-thumbnail","hentry"],"_links":{"self":[{"href":"https:\/\/innovasalud.bo\/planesinnova\/wp-json\/wp\/v2\/pages\/110","targetHints":{"allow":["GET"]}}],"collection":[{"href":"https:\/\/innovasalud.bo\/planesinnova\/wp-json\/wp\/v2\/pages"}],"about":[{"href":"https:\/\/innovasalud.bo\/planesinnova\/wp-json\/wp\/v2\/types\/page"}],"author":[{"embeddable":true,"href":"https:\/\/innovasalud.bo\/planesinnova\/wp-json\/wp\/v2\/users\/1"}],"replies":[{"embeddable":true,"href":"https:\/\/innovasalud.bo\/planesinnova\/wp-json\/wp\/v2\/comments?post=110"}],"version-history":[{"count":40,"href":"https:\/\/innovasalud.bo\/planesinnova\/wp-json\/wp\/v2\/pages\/110\/revisions"}],"predecessor-version":[{"id":743,"href":"https:\/\/innovasalud.bo\/planesinnova\/wp-json\/wp\/v2\/pages\/110\/revisions\/743"}],"wp:featuredmedia":[{"embeddable":true,"href":"https:\/\/innovasalud.bo\/planesinnova\/wp-json\/wp\/v2\/media\/579"}],"wp:attachment":[{"href":"https:\/\/innovasalud.bo\/planesinnova\/wp-json\/wp\/v2\/media?parent=110"}],"curies":[{"name":"wp","href":"https:\/\/api.w.org\/{rel}","templated":true}]}}